et d(b) = 2*b**3 + 29*b**2 + 19*b + 83. Calculate the remainder when 6271 is divided by d(-14).
5
Suppose 3*d - 148 = -5*h - 95, 64 = 4*d + 5*h. Calculate the remainder when 1131 is divided by d.
9
Let h = 109 + -69. Let o = 49 - h. What is the remainder when 23 is divided by o?
5
Suppose -46*g - 19*g + 6760 = 0. Calculate the remainder when g is divided by 34.
2
Suppose -77*w = -13702 - 28571. What is the remainder when w is divided by 44?
21
Suppose -3*m + 118 = -5*o, 16*m - 20*m + o + 146 = 0. Let s = 382 + m. What is the remainder when s is divided by 42?
40
Suppose 99 = -3*a + 4*a. Suppose 3*h + 0*h + 4*d - 108 = 0, 3*h + 2*d - 108 = 0. Suppose -102 = 33*w - h*w. Calculate the remainder when a is divided by w.
31
Let a(x) = x**2 + x. Let r be a(0). Let f = -79061 + 79065. Calculate the remainder when f is divided by (-2)/(0 + r + -1).
0
Suppose 0 = 5*j + 25, -7*y + 2*j = -4*y - 400. Suppose -8*f + 9*f = 66. What is the remainder when y is divided by f?
64
Suppose 4*j - j = 21. Suppose -13*a + 10*a = -156. Let v = a + -33. Calculate the remainder when v is divided by j.
5
Let o(h) = -3*h**2 - 35*h - 16. Let q be o(-11). What is the remainder when 18 + 1*(-30)/q is divided by 6?
1
Let y(b) = 7*b - 13. Let s be y(4). Suppose 2*i - 5*c - 22 = 0, i + c = -6 + 17. Let q = i + s. Calculate the remainder when q is divided by 7.
5
What is the remainder when (((-1612)/(-24))/(-13))/(22/(-132)) is divided by 22?
9
Suppose 2*n = -6, 5*m + 3*n - 785 = 426. Let b = 554 - m. Calculate the remainder when b is divided by 52.
50
Suppose 26*m = 23*m + 81. Suppose 3*q - 390 - 640 = -2*b, -4*b + 2044 = -2*q. What is the remainder when b is divided by m?
26
Let b = -15 + 24. Let p be 10/(-95) + (-3124)/(-76). Suppose b*s - 212 = -p. Calculate the remainder when s is divided by 12.
7
Suppose -15085 = -37*t + 2*t + 7980. What is the remainder when t is divided by 180?
119
Suppose 2*o + 188 = 452. Let s = 167 - o. Calculate the remainder when s is divided by 19.
16
Suppose -4*z = -5*q + 314, 5*q = z - 3*z - 142. Let v = z - -203. What is the remainder when v is divided by 40/(-6)*(-3624)/755?
31
Let c(n) = -4*n**3 + 2*n**2 + 2. Let f = -443 + 440. Let r = 6 + 20. What is the remainder when c(f) is divided by r?
24
Suppose 0*w + 5*w = 55. Suppose 3 = -11*s + 454. Let k = 105 - s. What is the remainder when k is divided by w?
9
Suppose 2*m = -3*r + 89, 2*m + 2*m = 2*r + 186. Calculate the remainder when -29*(1 - 4) - (1 + 0) is divided by m.
40
Let n(x) = 3*x**2 - 4*x - 3. What is the remainder when n(6) is divided by -8*1/(-1) - (-147)/7?
23
Let b = 6 + -11. Calculate the remainder when ((-36)/5)/(2/(-10)) - (-61 - -67) is divided by b/(10/16)*-2.
14
Suppose 0*i = i + 5*a + 405, 0 = 2*i - 3*a + 784. Let q = i - -541. Calculate the remainder when q is divided by 43.
17
Let x be 204468/21 + 2 + (-44)/28. Calculate the remainder when ((-2)/(-7))/(26/x) is divided by 33.
8
Suppose 3*l - 246 = -213. Suppose 0 = y + l*y - 84. What is the remainder when (1/(-10))/((-10)/(-475))*-4 is divided by y?
5
Suppose -2*p + 2*m = 5*m - 511, 2*p = -2*m + 516. Suppose -3*t + 94 = -5*j, -3*t + 3*j + 88 = -8. Calculate the remainder when p is divided by t.
32
Suppose -1264 = 4*j - 408. Let x = 293 + j. What is the remainder when x is divided by 28?
23
Suppose -36*y + 1113 = -363. What is the remainder when y is divided by ((-32)/(-12) - 3)*-33?
8
Suppose -4630 = -5*z - 5*h, -3*h - 1852 = 27*z - 29*z. Calculate the remainder when z is divided by 186.
182
Let u = 19 + 7. What is the remainder when ((-284)/6)/((-18)/27*1) is divided by u?
19
Let u(r) = 86 - 196 + 85 + 3*r. Calculate the remainder when 339 is divided by u(12).
9
Let t be (-6103)/(-34) + (-3)/6. Suppose t*h = 198*h - 1026. Calculate the remainder when h is divided by 19.
16
Let u(p) = 3*p - 31. Let a be u(11). Suppose -5*l - 5*z = -2*z - 63, a*l + 2*z - 26 = 0. Let n = 246 - 167. Calculate the remainder when n is divided by l.
7
Suppose -20 = -11*y + 13. Suppose -y*z - 5*v + 222 + 61 = 0, 5*z = -v + 457. Suppose 3*j - 185 = z. Calculate the remainder when j is divided by 19.
16
Let j = 73 + -4. Suppose 3*x = j + 3. Let z(t) = t**2 - 9. What is the remainder when x is divided by z(-5)?
8
Let b = -21758 - -22942. Calculate the remainder when b is divided by 133.
120
Suppose -5*z = 5*o - 60, 6 = -z - 14*o + 10*o. What is the remainder when 2242 is divided by z?
10
Let m = 13 + 4. Suppose -4 - m = -3*j. Suppose 29*l - 13 = 103. Calculate the remainder when j is divided by l.
3
Let f(h) = 4*h + 4. Let s be f(0). Suppose -s*q = -37 - 23. Suppose -4 = -0*j + j, -4*j - 244 = -4*z. Calculate the remainder when z is divided by q.
12
Let g(c) = 14*c**2 + 11*c - 28. What is the remainder when g(3) is divided by 50?
31
Calculate the remainder when 806 is divided by 3*498/54 - -1 - 2/(-6).
23
Calculate the remainder when 218 is divided by (1000/10)/(-10) + 153.
75
Suppose -s + 570 = 4*s. Let r(n) = 2*n**3 + 2*n**2 + 3*n + 1. Let k be r(-4). Let f = s + k. Calculate the remainder when 12 is divided by f.
5
Suppose 0 = 150*l - 151*l + 488. Let a = 567 - l. What is the remainder when 551 is divided by a?
77
Calculate the remainder when 1365 + ((-1425)/190)/(3/(-4)) is divided by 116.
99
Let d = -10 + 13. Let u(i) = 4*i**2 - 16*i + 54. Let a be u(7). Let y = a - 122. Calculate the remainder when y is divided by d.
1
Let n = -912 + 916. Let z = -18 - -35. Calculate the remainder when z is divided by n.
1
Let i = -2913 + 2927. What is the remainder when 702 is divided by i?
2
Let g = -28 + 24. Let x(j) = -2*j**3 + 4*j**2 - 5*j - 6. Let z be x(g). Let r = z + -147. Calculate the remainder when r is divided by 12.
11
Let m = 12307 - 12246. What is the remainder when 579 is divided by m?
30
Let v = 22043 + -22027. Calculate the remainder when 1446 is divided by v.
6
Suppose -255 = -5*z - 65. Let n(y) = 23*y - 18. Let x(t) = -1. Let p(u) = -n(u) - 2*x(u). What is the remainder when p(-4) is divided by z?
36
Let m be 5/5*(2 + 3). Suppose m*r - 18 = -r. Calculate the remainder when 213/r + -2 - -4 is divided by 25.
23
Suppose -95 = -14*y + 73. Suppose y*k = -8*k + 720. Calculate the remainder when 114 is divided by k.
6
Let q(p) = 2*p**2 - 5*p + 12. Suppose -7*h + 419 = -694. What is the remainder when h is divided by q(6)?
51
Calculate the remainder when 9844 is divided by (126179/(-57))/29*-3.
226
Suppose 19*i - 44 = -6. Suppose 4*k + 8 = 0, i*u - 6*k - 2 = -11*k. Calculate the remainder when 22 is divided by u.
4
Suppose 181*z = 176*z + 35. Suppose 16*k - z*k = 252. Calculate the remainder when k is divided by 7.
0
Let s = -8876 - -9842. What is the remainder when s is divided by 19?
16
Suppose -4*m + 2*y - 78 = 0, 4*y = 3*m - y + 41. Let c = m - -14. What is the remainder when c/20 - (-172)/5 is divided by 12?
10
Let m(o) = o**2 - 168*o - 3431. Calculate the remainder when 1823 is divided by m(-19).
115
Let s be (22 - 23) + -5*3. Let i = -25 - s. Let n(q) = q**2 + 4*q - 9. Calculate the remainder when n(i) is divided by 10.
6
Let j = 2 - -175. Let w = j - 162. What is the remainder when w is divided by 7?
1
Suppose 0 = -22*g + 25*g - p - 317, 4*p + 91 = g. What is the remainder when g is divided by 50?
7
Calculate the remainder when 347 is divided by (-705)/(-45)*(-10 + 1)*-1.
65
Suppose 0 = 29*u - 28*u + 340. Let c = 396 + u. What is the remainder when c is divided by 3?
2
Let k = 70 + -68. Calculate the remainder when 25 is divided by (38 + -25)*(k + -1).
12
Let r(u) = -u**3 - 6*u**2 - 4*u + 13. Let d be r(-5). Suppose w + d*w - 396 = 0. What is the remainder when w is divided by 4?
0
Suppose 15*r + 101 - 802 - 214 = 0. Calculate the remainder when 379 is divided by r.
13
Let r be (3 + -2 - -176) + -2. What is the remainder when -5*5/r - 785/(-7) is divided by 19?
17
Suppose t - 23*g + 18*g = -11, 10 = 2*t - 2*g. Let q be (5/2)/(-5)*0. Suppose q = 4*k + 43 - 143. What is the remainder when k is divided by t?
7
Suppose 11*r - 66*r + 3983 = 133. Calculate the remainder when 1142 is divided by r.
22
Suppose -66*s = -73*s + 77. Let n(y) = -y**3 + 12*y**2 - 12*y + 13. Calculate the remainder when 169 is divided by n(s).
1
Calculate the remainder when ((-2)/4)/((-35)/1050) is divided by 6.
3
Let b(v) = -9*v - 9*v + 21 + v + v. Let p be b(7). C